 is 443440014 + -3?
443440011
In base 15, what is 1cce - -14dc?
32bb
In base 15, what is -58eab + 829?
-58682
In base 7, what is 201 - 3104321?
-3104120
In base 16, what is -1f9f63fc - 2?
-1f9f63fe
In base 4, what is -21013 - 12130220?
-12211233
In base 10, what is -36523 + -4066?
-40589
In base 12, what is -2322b5 - -16a?
-232147
In base 2, what is -10 + -10101000100001001101011?
-10101000100001001101101
In base 11, what is -2 - -810464?
810462
In base 4, what is -1101332303120 + 0?
-1101332303120
In base 7, what is -3204053100 - 0?
-3204053100
In base 2, what is -10001010110001100000111 + 10000?
-10001010110001011110111
In base 10, what is 433 + 279950?
280383
In base 9, what is -673538607 - 4?
-673538612
In base 13, what is -1c257b1 - -1b?
-1c25793
In base 15, what is -4 + 15ce3092?
15ce308d
In base 4, what is 303213 + -221113?
22100
In base 3, what is -101222221120212 + -110?
-101222221121022
In base 15, what is 3 + 92ad1?
92ad4
In base 9, what is -85 + -147767?
-147863
In base 10, what is -1982 - -2953?
971
In base 13, what is 5 + 78a25a?
78a262
In base 7, what is -4 - -42010625?
42010621
In base 7, what is -61455133 + 61?
-61455042
In base 10, what is -11 + -3903709?
-3903720
In base 7, what is 134 + 10031056?
10031223
In base 2, what is -1000100 - -11000100011000010?
11000100001111110
In base 14, what is -2677 + -bd?
-2756
In base 14, what is 0 - -4aad538?
4aad538
In base 7, what is -25511 - -103234?
44423
In base 14, what is 3 - -1d234d4?
1d234d7
In base 6, what is 34403353 - -14?
34403411
In base 6, what is 44 - 455354320?
-455354232
In base 16, what is f - 18a680?
-18a671
In base 11, what is 22 - 8a69?
-8a47
In base 5, what is 3300430130 - -32?
3300430212
In base 4, what is 3 + -1100211101023?
-1100211101020
In base 2, what is -1000001000001 + -11111110100?
-1100000110101
In base 9, what is -342 + -132660?
-133112
In base 10, what is -1211897 - -3?
-1211894
In base 5, what is -33013331 + -11221?
-33030102
In base 9, what is 305 + -1172502?
-1172186
In base 6, what is 2144 + -3532144?
-3530000
In base 15, what is -7dbb9 - c?
-7dbc6
In base 4, what is 1130110131021 - 11?
1130110131010
In base 16, what is -2b76d - 45?
-2b7b2
In base 13, what is 3c8b47 + -90?
3c8a87
In base 13, what is -4cb20c + -25?
-4cb234
In base 2, what is 101110101100 - 1010010111?
100100010101
In base 8, what is 5 - 421067257?
-421067252
In base 2, what is -1010000100000001110101100 + 101?
-1010000100000001110100111
In base 3, what is -22100000012221 - 21?
-22100000020012
In base 4, what is -302013 + 102112222?
101210203
In base 6, what is 15311 + 11245?
31000
In base 4, what is -11220322 + -1303?
-11222231
In base 10, what is -4 - 1653575?
-1653579
In base 2, what is 1011101110111 - 110110111100101?
-101011001101110
In base 11, what is -770130 + 900?
-76a330
In base 16, what is 0 - -89d50a?
89d50a
In base 2, what is -1010010111 - 100111000111011110?
-100111010001110101
In base 16, what is -8a463f + -3?
-8a4642
In base 2, what is -110001111010111111 - 10001?
-110001111011010000
In base 2, what is 1111101011110001011011 - 10110101?
1111101011101110100110
In base 9, what is 2 + -277304512?
-277304510
In base 13, what is 2901b + -1252?
27a99
In base 2, what is -1101110 - -1001100010100011011010?
1001100010100001101100
In base 5, what is -32 - 21120433?
-21121020
In base 6, what is -232004320 - -15?
-232004301
In base 15, what is -93ee11b + 0?
-93ee11b
In base 2, what is 10110101101011001000 - -10101110?
10110101101101110110
In base 11, what is 98 - -2a4851?
2a4939
In base 12, what is 2936ba4 + 0?
2936ba4
In base 2, what is 11001000100000011 - 10100?
11001000011101111
In base 11, what is -1 + -21a754a?
-21a7550
In base 5, what is 230 + -3044313212?
-3044312432
In base 9, what is -27050331 + 0?
-27050331
In base 2, what is 10010101000111110110010 + 101?
10010101000111110110111
In base 15, what is 2bc9292 - 3?
2bc928e
In base 3, what is -1100211200222 - -110?
-1100211200112
In base 9, what is -4575 - -2024?
-2551
In base 13, what is -57a + 134b?
aa1
In base 7, what is -11 + -126226121?
-126226132
In base 13, what is -38632 + -99?
-386cb
In base 15, what is 1ebbab2 - -3?
1ebbab5
In base 14, what is -856a + -24d?
-87b9
In base 10, what is 3915422 + -411?
3915011
In base 9, what is -213 + 556477?
556264
In base 4, what is -1202033322 - -31102?
-1202002220
In base 14, what is 868 + -57db?
-4d73
In base 7, what is -63 - -3435514?
3435421
In base 5, what is -121112 + 3424?
-112133
In base 3, what is 11210022202021 + -10?
11210022202011
In base 16, what is -3 - -2c1a356?
2c1a353
In base 8, what is 2444003 + -14?
2443767
In base 9, what is 671865082 - -2?
671865084
In base 5, what is -4343130333 - 2?
-4343130340
In base 10, what is 10871030 - 14?
10871016
In base 11, what is -151a0a65 - 1?
-151a0a66
In base 8, what is 55 + -26126417?
-26126342
In base 10, what is -5709 - -135687?
129978
In base 13, what is 269a723 + 5?
269a728
In base 12, what is -548b4a + -3b?
-548b89
In base 9, what is 3 + 130534600?
130534603
In base 6, what is 23 + -115414221?
-115414154
In base 14, what is 4a566a + -c1?
4a5589
In base 15, what is 2ae6735 - 1?
2ae6734
In base 15, what is -9 + a774dc1?
a774db7
In base 15, what is 1 - 33382d?
-33382c
In base 12, what is -992394 - -131?
-992263
In base 9, what is -14 - -34515083?
34515068
In base 16, what is -4a968 - -22?
-4a946
In base 3, what is -1202220222 - 11022?
-1210002021
In base 6, what is -5321135152 + 1?
-5321135151
In base 10, what is -298419 - 16?
-298435
In base 9, what is -184278637 + 3?
-184278634
In base 10, what is -261 - -1292201?
1291940
In base 7, what is -4440534633 + -3?
-4440534636
In base 2, what is -1011101000 + -1000001011010?
-1001101000010
In base 9, what is -137133702 + -3?
-137133705
In base 11, what is 379842 + 74?
379906
In base 16, what is 238e + -245?
2149
In base 9, what is -6152 + -241242?
-247404
In base 10, what is -1810 + 21713?
19903
In base 11, what is 1 + -94856a?
-948569
In base 2, what is 1010011011110100100011 + 100?
1010011011110100100111
In base 15, what is 65 - 7c1b?
-7ba6
In base 14, what is -6b37837 - 1?
-6b37838
In base 15, what is c60e35 - 0?
c60e35
In base 13, what is 122937b - 0?
122937b
In base 2, what is 10111000001 + 11101110111010?
100000101111011
In base 16, what is 22 + 3dd10?
3dd32
In base 16, what is dd077 + 2?
dd079
In base 7, what is 451052 - -325?
451410
In base 16, what is 94f + fe?
a4d
In base 9, what is -11032521 - -2?
-11032518
In base 3, what is -12 + -11101101211122120?
-11101101211122202
In base 4, what is -22 + 3320132103?
3320132021
In base 10, what is 19701 - 548?
19153
In base 16, what is -1d0fe - b16?
-1dc14
In base 7, what is -14246 - 20553?
-35132
In base 11, what is -1264 - -823a?
6a86
In base 6, what is -1 + -12240412145?
-12240412150
In base 5, what is -2340040144 - 143?
-2340040342
In base 16, what is -b7da43 + 5?
-b7da3e
In base 9, what is 346020307 + 0?
346020307
In base 4, what is 1300322200030 - -30?
1300322200120
In base 15, what is 22ab0d - -1?
22ab0e
In base 7, what is 1533112 + -256?
1532523
In base 11, what is -356a333 - -1?
-356a332
In base 11, what is -17304 - 391?
-17695
In base 16, what is 21a + 133f0?
1360a
In base 12, what is 7 + 18457428?
18457433
In base 6, what is 114 - 100340520?
-100340402
In base 16, what is 22 + -1aeac?
-1ae8a
In base 3, what is 11021212 - -2011121?
20110110
In base 3, what is -2 + -1021211222110001?
-1021211222110010
In base 2, what is 1110000011110110111 - 10010?
1110000011110100101
In base 11, what is -3 + 4329284?
4329281
In base 15, what is 377c + -310?
346c
In base 7, what is 420516 + 51?
420600
In base 12, what is 910846 - 2?
910844
In base 8, what is -276773354 - 1?
-276773355
In base 11, what is 104 - -a524a?
a5353
In base 5, what is -11244 + -140003104?
-140014403
In base 7, what is 3623066 - 1?
3623065
In base 10, what is 1341 - 9955?
-8614
In base 7, what is 25412202 - -435?
25412640
In base 2, what is 1011111110000101100 - 101?
1011111110000100111
In base 8, what is 720 + 172410?
173330
In base 16, what is 34 - a89d?
-a869
In base 6, what is 33132545 + -4?
33132541
In base 12, what is 17454 + 91?
17525
In base 14, what is 3 + 623b794?
623b797
In base 5, what is -2104103423 - -10?
-2104103413
In base 7, what is 0 + 41660051